 units digit of (k - -3) + 0 + 3?
4
Let g(n) = -5*n**3 - n**2 + 2*n + 2*n**2 - n. Let h be g(-1). Suppose h*p = p + 36. What is the units digit of p?
9
What is the units digit of 15*-2*3/(-9)?
0
Let d(q) be the first derivative of q**2/2 - q + 4. Let c be d(1). Suppose 5*s = 2*k + 70 - 20, 2*s - 3*k - 20 = c. What is the units digit of s?
0
Let d(o) = o + 1. Let x be (-4)/(-10)*60/4. What is the units digit of d(x)?
7
Suppose 0 = -v + 2*v - 39. Let h = -23 + v. What is the units digit of h?
6
Let p = 0 - -3. Let h = p - 4. What is the units digit of ((-42)/18)/(h/6)?
4
Let r(b) = 2*b**2 + 2*b + 1. Let y be r(-2). Suppose 2*h - 4*f - 79 = 7, 2*h + y*f - 41 = 0. What is the units digit of h?
3
Suppose 4*j + o = 5*j - 4, 3*j + 4*o - 33 = 0. What is the tens digit of -20*(3 + j/(-2))?
1
Let g be (1 - -3) + -1*2. What is the units digit of 3/g*28/3?
4
Let q(m) = -3*m**3 - 4*m**2 + 8*m. Let y(b) = 13*b**3 + 15*b**2 - 33*b. Let n(i) = 9*q(i) + 2*y(i). What is the units digit of n(-7)?
7
Let i(g) be the third derivative of -g**5/60 - g**4/6 + 5*g**3/6 - g**2. Let t be i(-4). What is the units digit of -2*(t + -2)/(-6)?
1
Let q(t) = 8*t - 6. Let y be q(4). Suppose 4*d - y = 58. What is the units digit of d?
1
Let h be (-1 - 1)/((-1)/10). Suppose -h = k - 3*k. What is the units digit of k?
0
What is the tens digit of (-2)/3 - 438/(-9)?
4
What is the hundreds digit of 12/9 + -1 + 2684/12?
2
Suppose -12 + 3 = -3*g. Suppose -g*j = -4*j + 17. What is the tens digit of j?
1
Suppose -3*p = 2*n - 69, -5*n - 84 + 234 = 3*p. What is the units digit of n?
7
Let n(o) = 44*o + 1. What is the units digit of n(1)?
5
Let x(k) = k**2 - 3*k - 2. Let a be x(4). Suppose 2*j + a*j = 12. Suppose -28 + 91 = j*z. What is the units digit of z?
1
Let r(p) = 7*p - 14. What is the tens digit of r(5)?
2
What is the units digit of -3 + 5 + 33*6/1?
0
Let n(b) = -2*b**3 - 19*b**2 - 11*b + 2. Let c(t) = -t**3 - 9*t**2 - 5*t + 1. Let j(p) = 7*c(p) - 3*n(p). What is the units digit of j(-6)?
3
Let g(u) = -2*u + 4. Let m be g(4). Suppose 3*l - 27 = -0*l. Let x = l + m. What is the units digit of x?
5
Let k be (9 - 1)/(-1 - -3). Suppose -j = k*j + 15. Let z = 6 + j. What is the units digit of z?
3
What is the hundreds digit of (9/4)/((-6)/(-496))?
1
Suppose 5*d - 5*h = 15, 5*d - 4*h + 0 - 18 = 0. What is the units digit of d?
6
Let m = 22 + -10. Let t = m + 4. What is the tens digit of t?
1
Suppose 8 = -4*r, 3*z = z - r + 26. What is the tens digit of z?
1
Suppose 4*n - 125 = 211. Suppose -4*q + n = 4*x, -2*q = x + 3*q - 1. Suppose -r + w - 10 = -x, 4*r = 2*w + 56. What is the tens digit of r?
1
Let s(a) = 2*a - 6. Let x be s(6). Let h be (4/5 - 4/(-20))*0. Suppose -b + x*b - 75 = h. What is the units digit of b?
5
Let j be (-1)/4 - 63/(-12). Suppose -13 = 2*a + j*z - 54, -2*a - 4 = -4*z. What is the units digit of a?
8
Suppose 0 = -2*q, 4*q = -5*d - 0*q + 15. Let i = -2 + 6. Suppose d*c + 3 = i*c. What is the units digit of c?
3
Suppose 0 = -4*c + 4 + 12. Suppose -g - 1 = 4*b + c*g, -2*g = 4*b - 2. Let r = b + 10. What is the tens digit of r?
1
Let c be 3/(-21) + 232/7. Let b = c + -20. What is the tens digit of b?
1
Let u be 6920/32 + (-2)/8. Suppose -4*l = 4*p - 168, -3*l = 2*l + 2*p - u. What is the units digit of l?
4
Suppose -g - 20 = -3*g. What is the units digit of g?
0
Let d(l) = -2*l + 2*l**2 + 4 + 0 - 3. Let r be d(3). Suppose r - 1 = 4*a. What is the units digit of a?
3
What is the units digit of 399/12 + (-3)/12?
3
Suppose -3*x - 46 = 23. What is the tens digit of x*(-3)/(-6)*-2?
2
Suppose 4*z + 2*s - 115 + 23 = 0, 2*z + 4*s - 40 = 0. Suppose x + z = 3*x. What is the tens digit of x?
1
Let b be 0 + -1 - 24/(-6). Let n = b + 16. What is the units digit of n?
9
Let q(l) = -20*l - 5. Let b be q(-4). Let o = -48 + b. Suppose -4*r = -4*k + 4, -4*k = 3*r - k - o. What is the units digit of r?
4
Let y = 4 - 2. Suppose -2*n - s - 11 = -y*s, -2*n - 1 = s. What is the units digit of -1*(-9)/n + 9?
6
Suppose 10 = -3*h + 8*h. Suppose -24 = -2*f + 5*m, 4*f - 17 + 1 = h*m. Suppose -11 = -n - f*d, d - 26 = -4*n + 2*d. What is the units digit of n?
7
Let u = 32 - 23. What is the units digit of 2/(-6) - (-219)/u?
4
Let q(x) = -x**2 + x - 1. Suppose 4*v + 4*g - 9 = 3*v, -2*v + 12 = 5*g. Let i(f) = f**2 - 8*f - 1. Let j(p) = v*i(p) + 2*q(p). What is the units digit of j(-2)?
5
Let m(w) = 3*w**2 - 10*w + 7. What is the tens digit of m(6)?
5
Let m be 2/(-8) - 21/(-4). Suppose 5*f - 6 = -2*g + 3*g, 0 = -4*g + m*f + 6. What is the units digit of g*((-7)/(-2) - 2)?
6
Suppose 3*s = 0, -5*s - 2 = k - 3. Let f be (-27)/(-1) + (k - -1). Suppose 3*i + 4*n = f, 4 = -5*i + 5*n + 29. What is the units digit of i?
7
Let s be -4 - (-2 + 0 - 2). Suppose 3*d = 5*v - s*d - 86, 3*v - 69 = -4*d. What is the tens digit of v?
1
Let j(h) be the second derivative of -h**4/12 + 5*h**3/3 - 11*h**2/2 - 8*h. What is the units digit of j(8)?
5
Let r = 29 + -10. What is the tens digit of r?
1
Suppose 4*t = 2*t - 8. Let p(m) = 2*m**2 + 2. What is the units digit of p(t)?
4
Suppose -4*k + 9*k - 50 = 0. Suppose 5*y = -2*v + k, 2*v - v = 0. What is the units digit of y?
2
Suppose -16 = -2*a + 4*j, 0*j - 5*j - 20 = 0. Suppose -3*m + 25 + 11 = a. What is the tens digit of m?
1
Suppose u + u = 116. What is the units digit of u?
8
Suppose 2*z = 2*y, 2*y - 7*y + 3*z = -10. What is the units digit of y/(5/(-2))*-5?
0
Let r = -13 - -26. What is the tens digit of r?
1
Let x = -328 + 547. What is the hundreds digit of x?
2
Let m(t) = t**3 - 4*t**2 + 4*t - 2. Let r be m(2). Let x = 7 + -2. Let v = r + x. What is the units digit of v?
3
Suppose 18 = 4*v + 2. Let u = 7 - v. Suppose 0 = 3*n - z - 21 - 9, -u*n - 5*z + 12 = 0. What is the units digit of n?
9
Let g(s) = -2*s**2 + 3*s + 2. Let t(j) = 3*j**2 - 4*j - 2. Let v(o) = -4*g(o) - 3*t(o). Let b be v(-4). Let k = -12 - b. What is the units digit of k?
6
Suppose -3*l + 273 + 300 = 0. What is the units digit of l?
1
Suppose -5*h = -2*z - 24 - 26, 0 = -h - 3*z - 7. Suppose k + k = h. Let u(a) = 2*a - 6. What is the units digit of u(k)?
2
Suppose 0 = o + o + 6. Let f(v) = -12*v - 7. What is the units digit of f(o)?
9
Let c be -3*(1 + 1*-2). Suppose 0 = 2*o + 5*f + 16, -f - f = -c*o - 62. What is the units digit of (o/(-10))/((-3)/(-15))?
9
Suppose -20*g + 160 = -19*g. What is the tens digit of g?
6
Let m = 3 - 3. Suppose m = -2*c + 4, 4*z - 3*c - 1 = 21. Let k = -2 + z. What is the units digit of k?
5
Let m(s) = s**3 + 21*s**2 + 10*s - 26. What is the hundreds digit of m(-20)?
1
Let w(g) = -g**3 + 4*g**2 + 7*g - 5. Suppose -3*i = -p - 3 - 6, -5*i + 17 = -2*p. Let s = 11 + p. What is the units digit of w(s)?
5
Let j be 0 + (-3 - -2) + 3. Let c be (-3)/j*-2*-1. What is the units digit of 3/(1/(-3)*c)?
3
Let m(p) = -p**3 + 11*p**2 + 7*p - 13. What is the units digit of m(11)?
4
Let w = 22 + -40. What is the units digit of (-50)/w - 4/(-18)?
3
Let o be (-15)/(-20) + 318/(-8). Let k = o + 66. Let z = k - 7. What is the units digit of z?
0
Suppose 0 = -3*r - 2*f + 98, 0 = 5*r + 2*f + 3*f - 155. Let x = r - 12. What is the tens digit of x?
2
Let m be (2 + 8)*(1 + 2). What is the tens digit of ((-4)/(-10))/(1/m)?
1
Let z = 5 + -6. What is the units digit of (-7 - -6)/(-2 - z)?
1
Let k = -3 + 7. Suppose -2*m - 10 = k*f, m - 3*f - 6 = -1. Let v(i) = 14*i**2 + 1. What is the units digit of v(m)?
5
Suppose -5*c + 4*u + 266 = 0, -120 = -2*c + 5*u - 0*u. What is the units digit of c?
0
Let b(n) = -n**2 - n + 1. Let a be b(0). Let i be (a + 68)*(-1)/(-3). Let y = -14 + i. What is the units digit of y?
9
Let w(k) = k**3 - 3*k**2 + 3*k + 3. Let p be 4/(-16) - 13/(-4). Let y be w(p). What is the units digit of (y/15)/(4/30)?
6
Let v = 7 + -4. Let g(n) = 2*n**3 + n + 2*n**2 - n**v - 3*n**2. What is the units digit of g(1)?
1
Suppose l - 4 = -0. What is the units digit of l?
4
Suppose -2*t + t = 4. What is the units digit of ((-11)/(-2))/(t/(-8))?
1
Let x(c) = c**3 - 3*c + 1. Let a be x(2). Let y be 5 - (-2)/(-3)*a. Suppose m + 25 = 2*u + 4*m, 4*u = y*m + 41. What is the tens digit of u?
1
Let p be (39/(-2))/(9/(-24)). Suppose -3*d + 32 = -p. What is the tens digit of d?
2
Let n = 8 - -25. What is the units digit of n?
3
Let n(k) = -k + 9. Let f be n(7). Suppose 5*p - 4*p + 2*o = 16, -f*o + 8 = 0. What is 